c. What is the hundreds digit of c?
9
Let y be 14 + -5 - (-8)/(-2). Suppose y*x + 9 = 34. What is the units digit of x?
5
Let i(l) = -l**3 + 26*l**2 + 5*l - 27. What is the thousands digit of i(11)?
1
Let g be 21 - 1 - (2 + -3). Suppose 3*u + 3*x = g, -18 = -3*u + x + 23. What is the tens digit of -93*(-4)/u - 1?
3
What is the tens digit of (-2)/((-4)/(-14))*(-5 - 111)?
1
Let v(j) = -j**2 - 2*j + 1. Let c be v(-5). Let g = c - -14. What is the units digit of g - (3 - 27)*1?
4
Let u(p) = p - 7. Let m be u(12). Suppose 4*f + m*z = 20, -5*z + 10 + 0 = 2*f. What is the units digit of f?
5
Suppose -8*s + 6*s + 212 = 0. Suppose -2*y + 4*f + s = -78, 2*y - 194 = -f. What is the units digit of y?
6
Suppose 0 = 2*y - f - 953, -y + 5*f + 670 - 207 = 0. What is the units digit of y?
8
Let f(b) = b**2 - 2*b - 3. Suppose 12 = 3*y + y. Let v be f(y). Suppose 5*r + 55 = 5*l, v*l = -l - 4*r + 1. What is the units digit of l?
9
Let g be 16/36 + 406/18. Let b(f) = -f**2 + 26*f - 41. What is the units digit of b(g)?
8
Suppose -5*q + 108*x - 105*x = -6074, q + 2*x = 1220. What is the units digit of q?
6
Suppose -25*m = -29*m + 1036. Suppose -m = -3*p + x, -2*p + 3*x + 62 = -106. What is the tens digit of p?
8
Let z be -1 - (30 + 4 + -4). Let s = z + 42. What is the units digit of s?
1
Suppose 5*u + 3*o - 13317 = 1239, 3*u - 2*o - 8726 = 0. What is the thousands digit of u?
2
Suppose -17 = -5*s + 3. Suppose q = -h + 30, h = -s*q - 0*h + 132. Suppose 0 = 5*d - o - 128 + q, 5*d + 2*o - 97 = 0. What is the units digit of d?
9
Suppose m = -4*n, -6 - 11 = -5*m - 3*n. Let c = -4 + m. Suppose c = g + g - 20. What is the units digit of g?
0
Suppose 5*k + 3*l - l = 55, -2*k = -l - 13. Let j(o) = 4 + 3*o + k - 9. What is the tens digit of j(2)?
1
What is the thousands digit of (((-297)/(-2))/33)/(2/1572)?
3
Suppose -3*v - 4060 = 9*m - 13*m, 5074 = 5*m - 4*v. What is the tens digit of m?
1
Suppose -2*j = -5*j + 9. Suppose -5*l - s = 4*s - 30, j*l - 38 = s. What is the units digit of l?
1
Suppose 45*f - 307475 + 95975 = 0. What is the hundreds digit of f?
7
Let v(x) = x**3 + 20*x**2 + 7*x - 48. Suppose -3*m - 2*m + 4*d - 91 = 0, 0 = -4*m - 4*d - 80. What is the hundreds digit of v(m)?
1
Let s = -29 - -31. Suppose -s*l + 16 = -2*r, -3*r - 2 = -5*l + 28. Suppose -a - 66 = -l*a. What is the tens digit of a?
3
Suppose -12*k - 2556 = -13080. What is the hundreds digit of k?
8
Let j(s) = -13*s**3 + 5*s - 10. Let m be j(2). Let a = m - -133. What is the tens digit of a?
2
Let w(t) = 44*t + 66. What is the tens digit of w(8)?
1
Let u be (-6)/(-4)*56/21. Suppose 16 = 4*i + u. What is the tens digit of 35/i - (-4)/12?
1
Let s(n) = 6*n + 13. Let u(i) = -3*i - 7. Let x(l) = -3*s(l) - 5*u(l). Let a be (4/(-6) + 0)/((-7)/(-21)). What is the units digit of x(a)?
2
Suppose 94 = 5*q + 2*l + 342, 3*l - 103 = 2*q. Let d = 199 + q. What is the tens digit of d?
4
Suppose 0 = j + 5, 2*j + 2*j + 340 = 4*o. Let l = 108 - o. What is the units digit of l?
8
Let j(u) = u**3 - u**2 + 61. Suppose 5*g + s - 7 + 8 = 0, -2*g + 2 = -2*s. What is the units digit of j(g)?
1
Let r be (4/(-9))/(6/(-27)). Suppose -r*g + 29 + 71 = 0. What is the units digit of g?
0
What is the tens digit of (-5)/(-1) - (-340)/51*345?
0
Let g = 12 + -15. Let l be (-45)/25*10/g. Let a = l - -18. What is the tens digit of a?
2
Let u(t) = -10*t + 1. Let x(n) be the first derivative of -n**2/2 + n + 4. Let d(k) = u(k) - 5*x(k). What is the units digit of d(-9)?
1
Let y = -65 + 58. What is the tens digit of y/28*0 - 84/(-2)?
4
Suppose -2*u - 1 = -f, 2*f - 14 = -u - 2. Suppose -99 + 19 = -u*x. What is the tens digit of x?
4
Let l = -19 - -22. Suppose -v - l*g = -8, -2*v - 5*g + 20 = v. Suppose -u - 3 = -2*k - 48, -4*u - v*k + 180 = 0. What is the tens digit of u?
4
Suppose 25*b - 61*b = -28548. What is the hundreds digit of b?
7
Let w(f) = f**2 + 6*f + 12. Let z be w(0). Suppose z = c + c. What is the units digit of c?
6
Let r = -85 - -56. Let t be 8/6 + (-700)/(-15). Let f = t + r. What is the units digit of f?
9
Let q(g) = -2*g**3 - 5*g**2 - 6*g + 5. Let m(v) = -7*v**3 - 21*v**2 - 24*v + 19. Let o(p) = 2*m(p) - 9*q(p). What is the tens digit of o(3)?
4
Suppose 33 + 179 = -x. What is the units digit of (x/(-6))/((-1)/(-2))*3?
2
Suppose 8*u - 53583 = -4135. What is the tens digit of u?
8
Let u be (-3)/9 + 21/9 - 0. Let c(t) = 14*t**3 + t**2 + 4*t - 3. What is the units digit of c(u)?
1
Let y(m) = 10*m**2 + 46*m + 60. What is the tens digit of y(15)?
0
Let y = 49 - 23. Let u = 56 - y. What is the units digit of u?
0
Suppose 52 = 3*l - 254. Let n = -51 + l. What is the tens digit of n?
5
Let m(u) = 33*u**2 + u. Let q be m(1). Let k = -26 + 27. Let z = k + q. What is the tens digit of z?
3
Let l = 2044 + -1010. What is the hundreds digit of l?
0
Let b(a) = 2*a**3 - 3*a**2 - a + 2. Let h be b(2). Let y(m) = 6*m**2 + 8*m - 11. What is the hundreds digit of y(h)?
1
Let n = 193 + 885. What is the thousands digit of n?
1
Suppose 73*y = d + 70*y - 950, 2*y + 945 = d. What is the hundreds digit of d?
9
Let g(j) = 24*j - 51. Suppose 4*t - 6 - 18 = 3*m, -2*t + m = -14. What is the units digit of g(t)?
5
Suppose -8*q + 871 + 3913 = 0. Suppose -40*f = -38*f - q. What is the tens digit of f?
9
Suppose 19*y = 22*y - 15. Suppose -3*j + y*l - 1 = 3*l, -4*j + 5*l = 6. What is the units digit of j?
1
Let y(z) = 9*z - 7*z + 3*z - 12. What is the tens digit of y(7)?
2
Let a = -46 - -49. Suppose -a*w - 49 + 154 = 0. What is the units digit of w?
5
Suppose -7*z + 4*y + 40 = -3*z, 0 = -2*z - 4*y + 26. Let k = 23 + -29. Let t = k + z. What is the units digit of t?
5
Suppose 2*y + 4*t = 145 + 387, 537 = 2*y + 5*t. What is the units digit of y?
6
Let o(c) = -c**3 + 11*c**2 - c - 2. Let t be o(11). Let i = -13 - t. Suppose i = -3*s + 55 - 1. What is the units digit of s?
8
Let m(d) = -d**2 + 3*d + 2. Let g be m(3). Let n(v) = -3*v + 7. Let h be n(-5). Suppose 3*x - h = g*x. What is the tens digit of x?
2
Suppose 4 = -t - 2*c, 2*c = -2*t + c - 17. What is the tens digit of ((-294)/30)/(2/t)?
4
Let v(a) = -22*a + 4. What is the tens digit of v(-8)?
8
Suppose -2*b + 67 = 3*a, -6*a = 3*b - 4*a - 98. Suppose 5*w - 5*y - 6 = 39, -4*y - b = -3*w. What is the units digit of w?
4
Suppose 3*l - 12 = -0*l. Suppose -l*b = -b - 45. What is the units digit of (-6)/b + 168/20?
8
Let p(h) = -h**2 - 9*h - 3. Let v be p(-11). Let i = v + 27. Suppose -s + 1 = -i. What is the units digit of s?
3
Suppose 3*a - 3972 = 3*m, 4*a + 5*m = -524 + 5793. What is the thousands digit of a?
1
Let m = 1204 - -200. What is the thousands digit of m?
1
Suppose 166*f + 36476 = 177*f. What is the units digit of f?
6
Suppose 9*n = 59 - 23. Suppose -6 = 2*r + 3*q, -16 = 4*r + 2*q + 3*q. What is the units digit of r/(-2) - (-2)/n?
5
Let q(i) = -5*i - 2. Let a be q(-1). Suppose 1 + 54 = n - 3*l, a*n = -3*l + 213. What is the tens digit of n?
6
What is the tens digit of (396/10 + -2)/(114/285)?
9
Suppose -i = -5*t + 1624, -4*i + 3 = -1. What is the units digit of t?
5
Suppose -2*l + 126 = -11*l. What is the units digit of (-35)/l*(-2 - -3)*18?
5
Let t(x) be the third derivative of -x**6/15 + x**4/12 - x**3/6 - 5*x**2. Let f be t(1). Let d = 16 + f. What is the units digit of d?
9
What is the units digit of -5672*7/(-224)*4*2?
8
Let k(g) be the second derivative of g**3/6 - 5*g**2/2 - 10*g. What is the units digit of k(13)?
8
Suppose -k - 4*k = -685. Suppose 3*z - k = -c, -c - 100 = -3*z + 39. What is the tens digit of z?
4
Let q(h) = 10*h**2 + 18*h + 12. What is the tens digit of q(5)?
5
Let k be 32/2 - (2 + 2). Let p be (-13)/5 - k/30. What is the units digit of (45/(-4))/(p/16)?
0
What is the hundreds digit of -18 + 12 - (-3 + -582)?
5
Let z(r) = 15*r - 16. Let x be z(8). Suppose -7*n = -8*n + x. What is the units digit of n?
4
Let p be ((-18)/4)/((-1)/(-2)). Let i(z) = 0*z + 11 + z - 4*z. What is the tens digit of i(p)?
3
Suppose 0 = 3*q - 2*v - 7, 2*q - 5*v = -2*q + 7. Suppose q*c = 2*n + 321, -6*n + 7*n + 423 = 4*c. What is the tens digit of c?
0
Let j be (2/(-5))/(6/4770). What is the hundreds digit of j*(5/(-12) - 6/24)?
2
Suppose -3*j + 744 = -489. Suppose -4*i + 9*b = 6*b - j, -2*i = 4*b - 222. What is the units digit of i?
5
Let g(c) = 0 - 2 - c + 4*c**3 - 6*c**2 - 3*c**3 + 6. Let v be g(6). W